divisor of 232 and 18154.
58
What is the highest common factor of 32 and 72112?
16
Calculate the greatest common factor of 246 and 3567.
123
What is the greatest common factor of 7152 and 48?
48
What is the greatest common divisor of 162 and 225?
9
What is the highest common factor of 231 and 66?
33
What is the greatest common factor of 660 and 176?
44
Calculate the highest common divisor of 50 and 1450.
50
What is the highest common divisor of 3 and 1776?
3
What is the highest common factor of 73 and 2263?
73
What is the highest common divisor of 520 and 41860?
260
Calculate the highest common divisor of 5840 and 24.
8
Calculate the highest common factor of 1529 and 11.
11
What is the greatest common factor of 6 and 246?
6
Calculate the highest common factor of 120 and 744.
24
What is the highest common factor of 103200 and 129?
129
Calculate the highest common divisor of 20 and 3340.
20
Calculate the greatest common divisor of 297 and 1080.
27
Calculate the greatest common divisor of 11 and 1067.
11
Calculate the highest common divisor of 486 and 81.
81
What is the highest common divisor of 6887 and 71?
71
What is the highest common factor of 48 and 72?
24
What is the highest common divisor of 268 and 67?
67
What is the highest common factor of 220 and 55?
55
What is the highest common divisor of 274 and 137?
137
Calculate the highest common divisor of 1708 and 61.
61
Calculate the highest common divisor of 15562 and 62.
62
Calculate the greatest common factor of 160 and 140.
20
What is the highest common divisor of 28 and 4620?
28
Calculate the highest common divisor of 206 and 34.
2
What is the greatest common factor of 60 and 220?
20
What is the highest common factor of 16 and 48?
16
What is the highest common factor of 1665 and 111?
111
Calculate the highest common factor of 3971 and 22.
11
What is the highest common factor of 102 and 6?
6
Calculate the greatest common divisor of 333 and 18.
9
Calculate the greatest common factor of 24 and 141.
3
Calculate the greatest common factor of 636 and 12.
12
Calculate the greatest common factor of 1392 and 192.
48
What is the highest common factor of 90 and 45?
45
Calculate the highest common divisor of 216 and 20844.
108
What is the greatest common factor of 1314 and 585?
9
What is the highest common divisor of 13 and 125?
1
Calculate the highest common divisor of 65 and 559.
13
Calculate the highest common divisor of 243 and 9963.
243
What is the greatest common divisor of 352 and 22?
22
What is the greatest common factor of 8427 and 159?
159
Calculate the greatest common factor of 119 and 17.
17
Calculate the highest common factor of 7 and 196.
7
What is the greatest common divisor of 60 and 165?
15
What is the greatest common divisor of 145 and 2407?
29
What is the highest common divisor of 636 and 1961?
53
Calculate the highest common divisor of 165 and 132.
33
Calculate the highest common factor of 40 and 220.
20
What is the greatest common divisor of 336 and 966?
42
What is the highest common factor of 32 and 5444?
4
What is the highest common divisor of 870 and 90?
30
What is the highest common divisor of 520 and 15392?
104
Calculate the greatest common factor of 14 and 266.
14
Calculate the highest common factor of 279 and 1023.
93
Calculate the highest common divisor of 132 and 150.
6
What is the highest common divisor of 1186 and 2?
2
Calculate the greatest common divisor of 200 and 5.
5
What is the greatest common factor of 41 and 1148?
41
Calculate the highest common divisor of 15503 and 37.
37
What is the highest common factor of 3150 and 12?
6
What is the greatest common divisor of 1313 and 202?
101
Calculate the highest common factor of 1272 and 72.
24
Calculate the highest common factor of 1578 and 42.
6
Calculate the greatest common factor of 220 and 15400.
220
What is the greatest common factor of 62 and 806?
62
Calculate the greatest common divisor of 528 and 33.
33
Calculate the highest common divisor of 120 and 270.
30
Calculate the highest common factor of 1859 and 55.
11
Calculate the greatest common factor of 34 and 17.
17
What is the highest common divisor of 200 and 6500?
100
What is the highest common divisor of 27 and 9873?
9
What is the highest common divisor of 6 and 294?
6
Calculate the greatest common divisor of 2085 and 24603.
417
Calculate the highest common divisor of 152 and 48.
8
What is the greatest common divisor of 6935 and 855?
95
What is the greatest common factor of 192 and 1312?
32
Calculate the greatest common factor of 60 and 480.
60
Calculate the highest common factor of 10 and 265.
5
Calculate the greatest common divisor of 13018 and 92.
46
What is the highest common factor of 1058 and 69?
23
What is the highest common divisor of 258 and 150?
6
What is the highest common divisor of 2316 and 132?
12
What is the highest common factor of 84 and 42?
42
Calculate the highest common divisor of 218 and 2.
2
Calculate the greatest common factor of 2016 and 378.
126
Calculate the greatest common factor of 34 and 48909.
17
What is the greatest common factor of 5676 and 1980?
132
Calculate the greatest common divisor of 22500 and 45.
45
What is the highest common factor of 840 and 3192?
168
What is the highest common divisor of 49 and 861?
7
Calculate the greatest common divisor of 210 and 21105.
105
Calculate the greatest common factor of 13880 and 320.
40
Calculate the highest common factor of 11609 and 94.
47
What is the greatest common factor of 39 and 5226?
39
Calculate the highest common factor of 36 and 1818.
18
What is the greatest common divisor of 4821 and 3?
3
What is the highest common factor of 2088 and 1305?
261
What is the highest common divisor of 13 and 8801?
13
Calculate the greatest common factor of 19 and 19.
19
What is the highest common factor of 115 and 713?
23
Calculate the greatest common divisor of 136 and 119.
17
Calculate the highest common divisor of 1885 and 130.
65
What is the highest common divisor of 101088 and 208?
208
What is the greatest common divisor of 1474 and 22?
22
Calculate the highest common divisor of 3604 and 68.
68
What is the highest common factor of 47 and 47?
47
What is the highest common divisor of 13 and 63739?
13
What is the highest common divisor of 8164 and 104?
52
Calculate the greatest common divisor of 17 and 272.
17
What is the highest common divisor of 1256 and 157?
157
What is the highest common divisor of 308 and 1628?
44
What is the highest common divisor of 14250 and 114?
114
Calculate the greatest common divisor of 141925 and 35.
35
Calculate the highest common factor of 20 and 10820.
20
What is the highest common factor of 13197 and 636?
159
Calculate the highest common divisor of 1947 and 4071.
177
What is the greatest common divisor of 286 and 130?
26
What is the highest common factor of 9709 and 266?
133
What is the highest common factor of 318 and 96?
6
Calculate the highest common factor of 1445 and 595.
85
What is the greatest common divisor of 393 and 21091?
131
What is the highest common divisor of 1 and 9428?
1
Calculate the highest common factor of 163 and 1.
1
Calculate the greatest common factor of 21 and 51.
3
Calculate the highest common divisor of 35 and 63.
7
Calculate the highest common factor of 627 and 6327.
57
What is the highest common factor of 681 and 48578?
227
Calculate the highest common factor of 130 and 190.
10
What is the greatest common factor of 44 and 1408?
44
Calculate the greatest common factor of 1073 and 74.
37
Calculate the highest common factor of 1488 and 2883.
93
Calculate the greatest common factor of 27522 and 44.
22
Calculate the highest common factor of 6123 and 39.
39
What is the highest common factor of 39824 and 131?
131
What is the greatest common factor of 465 and 45?
15
Calculate the greatest common factor of 3013 and 46.
23
Calculate the greatest common factor of 198 and 12474.
198
What is the highest common factor of 1342 and 122?
122
Calculate the greatest common factor of 135 and 10170.
45
Calculate the greatest common factor of 11205 and 135.
135
Calculate the greatest common factor of 700 and 10.
10
Calculate the greatest common factor of 2945 and 310.
155
Calculate the highest common factor of 9316 and 17.
17
Calculate the greatest 